emainder when 8961 is divided by 1257?
162
Calculate the remainder when 2552 is divided by 1272.
8
Calculate the remainder when 11153 is divided by 129.
59
What is the remainder when 5140 is divided by 670?
450
Calculate the remainder when 7951 is divided by 570.
541
What is the remainder when 4710 is divided by 152?
150
Calculate the remainder when 125911 is divided by 531.
64
What is the remainder when 803 is divided by 135?
128
Calculate the remainder when 201123 is divided by 308.
307
What is the remainder when 18369 is divided by 55?
54
Calculate the remainder when 16437 is divided by 260.
57
What is the remainder when 6002 is divided by 107?
10
What is the remainder when 4921 is divided by 543?
34
What is the remainder when 23148 is divided by 7667?
147
Calculate the remainder when 1871 is divided by 346.
141
What is the remainder when 5472 is divided by 5305?
167
Calculate the remainder when 7068954 is divided by 905.
904
Calculate the remainder when 22202 is divided by 7396.
14
Calculate the remainder when 119934 is divided by 289.
288
Calculate the remainder when 58470 is divided by 89.
86
Calculate the remainder when 49301 is divided by 2141.
58
What is the remainder when 29002 is divided by 74?
68
What is the remainder when 141937 is divided by 19?
7
What is the remainder when 9788 is divided by 4879?
30
Calculate the remainder when 1309 is divided by 476.
357
What is the remainder when 23407 is divided by 152?
151
Calculate the remainder when 162307 is divided by 80.
67
What is the remainder when 45291 is divided by 11320?
11
Calculate the remainder when 48637 is divided by 40.
37
Calculate the remainder when 95302 is divided by 58.
8
Calculate the remainder when 46510 is divided by 236.
18
What is the remainder when 10940 is divided by 93?
59
Calculate the remainder when 1429 is divided by 988.
441
Calculate the remainder when 1372 is divided by 203.
154
Calculate the remainder when 22497 is divided by 11228.
41
Calculate the remainder when 1194 is divided by 576.
42
Calculate the remainder when 13145 is divided by 200.
145
Calculate the remainder when 812 is divided by 125.
62
Calculate the remainder when 10701 is divided by 238.
229
Calculate the remainder when 52576 is divided by 315.
286
Calculate the remainder when 11909 is divided by 331.
324
Calculate the remainder when 425374 is divided by 1008.
1006
What is the remainder when 2929 is divided by 488?
1
What is the remainder when 24187 is divided by 175?
37
What is the remainder when 14544 is divided by 153?
9
What is the remainder when 63384 is divided by 130?
74
Calculate the remainder when 2950 is divided by 63.
52
What is the remainder when 19184 is divided by 14?
4
What is the remainder when 264549 is divided by 4199?
12
Calculate the remainder when 372 is divided by 50.
22
Calculate the remainder when 1028 is divided by 1007.
21
What is the remainder when 22683 is divided by 931?
339
Calculate the remainder when 56528 is divided by 747.
503
What is the remainder when 2677 is divided by 2000?
677
Calculate the remainder when 1186 is divided by 429.
328
Calculate the remainder when 1688 is divided by 1434.
254
What is the remainder when 104745 is divided by 41?
31
What is the remainder when 65884 is divided by 65813?
71
Calculate the remainder when 9515 is divided by 2336.
171
What is the remainder when 2230 is divided by 31?
29
What is the remainder when 14708 is divided by 1813?
204
Calculate the remainder when 77027 is divided by 21.
20
What is the remainder when 98669 is divided by 50?
19
Calculate the remainder when 88322 is divided by 3679.
26
What is the remainder when 26866 is divided by 66?
4
Calculate the remainder when 64603 is divided by 44.
11
What is the remainder when 2252 is divided by 94?
90
What is the remainder when 12101 is divided by 29?
8
Calculate the remainder when 21540 is divided by 155.
150
What is the remainder when 1361 is divided by 17?
1
Calculate the remainder when 56785 is divided by 61.
55
What is the remainder when 61178 is divided by 20?
18
Calculate the remainder when 73534 is divided by 383.
381
What is the remainder when 19722 is divided by 705?
687
Calculate the remainder when 103960 is divided by 24.
16
What is the remainder when 7478 is divided by 3?
2
Calculate the remainder when 30207 is divided by 530.
527
What is the remainder when 1322273 is divided by 11?
7
What is the remainder when 77175 is divided by 2?
1
Calculate the remainder when 45855 is divided by 559.
17
What is the remainder when 22978 is divided by 103?
9
Calculate the remainder when 787841 is divided by 203.
201
Calculate the remainder when 7591 is divided by 51.
43
Calculate the remainder when 272060 is divided by 80.
60
What is the remainder when 74462 is divided by 1460?
2
What is the remainder when 3877 is divided by 73?
8
Calculate the remainder when 24278 is divided by 1212.
38
What is the remainder when 6569 is divided by 965?
779
What is the remainder when 38 is divided by 19?
0
What is the remainder when 9231 is divided by 514?
493
Calculate the remainder when 232269 is divided by 36.
33
What is the remainder when 1907 is divided by 176?
147
Calculate the remainder when 12565 is divided by 6253.
59
Calculate the remainder when 115359 is divided by 29.
26
What is the remainder when 10003 is divided by 239?
204
What is the remainder when 2459 is divided by 877?
705
What is the remainder when 1281754 is divided by 190?
14
Calculate the remainder when 2206 is divided by 703.
97
What is the remainder when 4573 is divided by 2284?
5
Calculate the remainder when 10328 is divided by 5050.
228
What is the remainder when 1027 is divided by 650?
377
Calculate the remainder when 2272 is divided by 3.
1
Calculate the remainder when 8069 is divided by 17.
11
Calculate the remainder when 10559 is divided by 53.
12
What is the remainder when 64505 is divided by 201?
185
Calculate the remainder when 1345693 is divided by 103.
101
What is the remainder when 46597 is divided by 20?
17
What is the remainder when 264239 is divided by 2424?
23
Calculate the remainder when 15450 is divided by 471.
378
Calculate the remainder when 5206 is divided by 271.
57
Calculate the remainder when 41665 is divided by 22.
19
What is the remainder when 58011 is divided by 7251?
3
What is the remainder when 66814 is divided by 464?
462
Calculate the remainder when 13242 is divided by 4378.
108
Calculate the remainder when 3000257 is divided by 2239.
2236
What is the remainder when 19773 is divided by 16?
13
What is the remainder when 4426 is divided by 4405?
21
What is the remainder when 24640 is divided by 601?
600
Calculate the remainder when 120380 is divided by 18.
14
Calculate the remainder when 2854 is divided by 105.
19
Calculate the remainder when 42016 is divided by 20985.
46
What is the remainder when 1265 is divided by 503?
259
What is the remainder when 364 is divided by 105?
49
What is the remainder when 446 is divided by 21?
5
What is the remainder when 44197 is divided by 486?
457
What is the remainder when 1195365 is divided by 79691?
0
What is the remainder when 1234 is divided by 16?
2
Calculate the remainder when 21618 is divided by 11.
3
What is the remainder when 1328053 is divided by 355?
353
What is the remainder when 76760 is divided by 9?
8
Calculate the remainder when 19066 is divided by 1588.
10
What is the remainder when 924067 is divided by 63?
46
What is the remainder when 21839 is divided by 664?
591
What is the remainder when 4638184 is divided by 95?
94
What is the remainder when 194608 is divided by 71?
68
Calculate the remainder when 33249 is divided by 34.
31
What is the remainder when 614917 is divided by 522?
1
Calculate the remainder when 6950 is divided by 261.
164
Calculate the remainder when 11310 is divided by 2429.
1594
What is the remainder when 68026 is divided by 959?
896
What is the remainder when 3124 is divided by 702?
316
Calculate the remainder when 25403 is divided by 63.
14
What is the remainder when 192993 is divided by 319?
317
What is the remainder when 114586 is divided by 5206?
54
What is the remainder when 217781 is divided by 54?
53
What is the remainder when 1058 is divided by 278?
224
Calculate the remainder when 12138 is 